 32 = 0. Suppose -s + 4*v = x, 59 = 5*s - 2*v + 2. What is the units digit of s?
3
Let g = 13 - 8. Suppose -4*m + g*n = -11 - 20, -2*n - 6 = 0. Suppose 0 = -v + m*a, 2*a + 0*a = 2*v - 18. What is the tens digit of v?
1
Let s = 50 + -28. Suppose g + 0*g - 12 = -2*a, -3*g + s = -a. What is the units digit of g?
8
Let v(u) = -2*u**2 - 2*u - 13 + 3*u**2 - 5*u. Let n be v(9). Let z = n - 0. What is the units digit of z?
5
Suppose 3*i + 2*i = 60. Let c = -10 + 14. Let p = i - c. What is the units digit of p?
8
Let t be -2*((-3)/6 + -1). Suppose 7*b = t*h + 2*b - 26, -4*b = 3*h + 10. What is the units digit of ((-1)/1)/(h/(-8))?
4
Suppose 8*k = 4*k + 740. What is the units digit of k?
5
Suppose 3*u + 0*h - 24 = h, 27 = 2*u + 3*h. Let s(g) = 6*g - 21. What is the units digit of s(u)?
3
Suppose 5*g = 3*g + 88. What is the tens digit of g?
4
Suppose -5*q = 4*g + 7 - 37, -4*q + 3 = -g. Suppose p - g*p = 0. Suppose 3*r - 5*k - 28 = p, 0 = r + k - 6 + 2. What is the units digit of r?
6
Let u(p) = 13*p**2 - 4*p + 2. What is the tens digit of u(2)?
4
Let o(x) = x**2 - 4*x - 3. Let i be (0 + (-3)/6)*8. Let v = i - -10. What is the units digit of o(v)?
9
Suppose -4*n + 198 = 2*x, -74 = -x + n + 2*n. Suppose 3*b - m - x = 0, 2*b - 66 = -0*m + 2*m. What is the tens digit of b?
2
Let b(v) = v**2 - 2*v - 3. Let z(c) = c**2 + 8*c + 4. Let r be z(-8). What is the units digit of b(r)?
5
Suppose -y = y - 4. What is the units digit of y/1 - (2 + -4)?
4
Let b = -5 + 13. Let j(p) be the second derivative of -p**5/20 + 3*p**4/4 - 4*p**3/3 + p**2/2 - p. What is the units digit of j(b)?
1
Let c be 76*((-3)/2 - -2). Let b be 12/6*c/(-4). Let m = -10 - b. What is the units digit of m?
9
Let l(b) = -b**2 + 6*b - 5. Let f be l(4). What is the units digit of (6/4)/(f/14)?
7
Let z(s) = -9*s**3 + s**2 + s. Let h be z(-1). Suppose 2*m - 13 = h. What is the tens digit of m?
1
Suppose -112*c = -114*c + 742. What is the tens digit of c?
7
Suppose 5*i + 0*i = -2*u + 65, 0 = 2*u + 3*i - 59. What is the tens digit of u?
2
Suppose -2*j - 3*q + 8*q + 177 = 0, -5*j - 3*q + 365 = 0. What is the units digit of j?
6
What is the units digit of 110*((-10)/(-2))/10?
5
Let p be -17 + -34 + (1 - 1). What is the units digit of (-1 - -5)/(-12)*p?
7
Let f = 14 - -7. Let t = f + -5. What is the units digit of t?
6
Let o(k) = -5 + 19*k**3 + 3*k - 1 - 20*k**3 - 2 + 8*k**2. What is the units digit of o(8)?
6
Let t(v) be the second derivative of 11*v**3/6 - 3*v**2/2 - 5*v. What is the tens digit of t(2)?
1
Suppose 5*c = -3*w + 453, 0*c + 302 = 2*w - 2*c. What is the units digit of w?
1
Let v(l) = -l. Let b be v(1). Let a = b + -3. What is the units digit of (-5)/(2/(a + 2))?
5
Let s = -4 - -9. What is the units digit of (s/4)/(3/36)?
5
Suppose -344 = -2*v + 14. What is the units digit of v?
9
Let s = -11 + 6. Let q be (18/s)/(1/5). Let o = q + 26. What is the units digit of o?
8
What is the units digit of 17 - 17 - (-32 - 1)?
3
Suppose 3*d - 896 = -d. What is the units digit of d?
4
Let d = -103 + 157. Let t = d + -27. What is the units digit of t?
7
Let q(i) = -i**3 + 5*i**2 - 4*i + 3. Let f be q(4). Suppose -f*v - 33 = -12. Let k = 2 - v. What is the units digit of k?
9
Let z(a) = -a**3 + 9*a**2 - a + 1. Let w be z(9). Let p(v) = 8 + 8*v + v**3 - 2*v**2 + 3*v**2 + 8*v**2 + 1. What is the units digit of p(w)?
9
Let z(w) = -3*w**3 - 2*w - 1. Let o be z(-1). Let q be o/14 + (-1214)/(-14). What is the tens digit of 2/(-5) + q/5?
1
What is the hundreds digit of 1/5*-1 + 1533/15?
1
What is the units digit of (-18)/3*23/(-2)?
9
Let r = 39 + 157. What is the hundreds digit of r?
1
Let j(z) be the first derivative of -z**2/2 + 8*z + 4. What is the units digit of j(7)?
1
Let k(u) = 4*u + 4. Let f be k(7). Suppose 3*q = -f + 104. What is the tens digit of q?
2
Suppose 5*v - 1 - 4 = 0. What is the units digit of -7*(v - 0)*-1?
7
Let h(n) = 11*n**3 + 3*n**2 + 21*n - 1. Let c(k) = 5*k**3 + 2*k**2 + 10*k - 1. Let s(d) = 13*c(d) - 6*h(d). What is the units digit of s(8)?
5
Let g = -11 + 27. What is the units digit of g?
6
Suppose -l + 5 = 2. Suppose -3*d = -0*d - l*k - 42, 4*d + 3*k = 35. What is the units digit of d?
1
Let m be 1*2*(6 + -4). Let g = -4 + m. Suppose -j + 5*j - 12 = g. What is the units digit of j?
3
Let d(c) be the first derivative of -c**4/4 + 7*c**3/3 + c**2 - 9*c - 4. Suppose 2*z = 7*z + 5*w - 10, 48 = 4*z - 4*w. What is the units digit of d(z)?
5
Suppose 3*t + 137 = 4*y, 5*t - 39 = 5*y - 204. What is the units digit of y?
8
Suppose 4*n + 0*n = 1344. What is the tens digit of n/33 - (-8)/(-44)?
1
Let w be 1/(-1) - 6*-7. Suppose -w = -3*g + 1. What is the units digit of g?
4
Let g be ((-24)/36)/((-2)/15). Let r(t) = -2*t**2 + 5*t + 1 + 1 + t**2. What is the units digit of r(g)?
2
Let l(f) = f**3 - 6*f**2 - 6*f - 7. Let q be l(7). Suppose 8 = 4*x - q*x. What is the tens digit of 14 - (0 - (2 - x))?
1
Let n be ((0/(-2))/(-3))/(-1). Suppose n*f = f. Suppose f = -3*p + 15 - 3. What is the units digit of p?
4
Suppose -w = -3*w - 4. Let j = w - -10. What is the units digit of j?
8
Suppose -2*x = -3 - 3. Suppose -x*o + 60 = -3*f, 0*o - 44 = -2*o + f. What is the units digit of o?
4
Let q = -6 - -9. Suppose o = 2*y - 3*y + 49, -2*y - q*o = -98. What is the units digit of y?
9
Suppose -u = -4*c - 23, -4*c = -2*u + 3*u + 1. What is the tens digit of u?
1
What is the tens digit of ((-76)/6)/(11/(-33))?
3
What is the tens digit of 26/(-3)*24/(-2)?
0
Let l(r) = 2*r + 2. Let i be l(5). Let x be -3 + (i - -2 - -3). What is the tens digit of 16/56 + 220/x?
1
Let y(c) = c**3 - 5*c**2 - 2*c + 2. Let d be y(3). Let q(g) = 3*g**2 + 5. Let a be q(3). Let z = a + d. What is the units digit of z?
0
Let s(u) = -u**3 - 4 + 3*u**2 - 4*u + 3 + 4. Let h be s(3). What is the units digit of 4 + 6/h*3?
2
Let f be 0 - (1 - (24 + -2)). Suppose a - n - 7 = 3*n, -3*a + f = 2*n. What is the units digit of a - 0*2/4?
7
Let f(t) = -3*t + 2. Suppose -3*h - 17 + 5 = 0. What is the units digit of f(h)?
4
Let n(r) = -83*r + 17. What is the units digit of n(-3)?
6
Let c(m) = m**2 - 4*m + 5. Let x be c(-5). Suppose 4*i - x = -14. What is the units digit of i?
9
Let w(m) = 19*m**3 - m**2 + 1. Let u be -4 - -2 - -3 - 0. What is the units digit of w(u)?
9
Suppose 0 = -s + 6*s - 45. What is the units digit of s?
9
Suppose 5*l + 3*v = -34, -l + 36 = -5*l + 2*v. Let w(z) = -z - 6. Let j be w(l). Suppose 5 + 21 = j*k. What is the tens digit of k?
1
Let l(a) = -a**3 + 11*a**2 + 4*a - 11. What is the tens digit of l(11)?
3
Let p(c) = -c - 5. Let x be p(-7). Suppose a = -0*a. Let q = x - a. What is the units digit of q?
2
Suppose 2*o = 11 - 5. Suppose 15 = 2*q - 5*d, -o*q + 3*d - 4*d = -65. What is the units digit of q?
0
Suppose 0 = -4*c + c + 6. Suppose 0 = y + c*y - 51. What is the tens digit of y?
1
Let j(k) = 3 + 1 + k + 8*k**3 - 9*k**3. What is the units digit of j(0)?
4
What is the tens digit of 6/21 - 369/(-7)?
5
Let b(j) = -3*j - 7. Let r be b(-3). Suppose 4 = k + r. What is the units digit of k?
2
Let k(h) = -h**2 - 9*h - 10. Let o be k(-7). Let a = -4 + o. Suppose -5*c + 2 - 10 = -4*f, 4*f + 4*c - 8 = a. What is the units digit of f?
2
What is the tens digit of (40 + -1 + 1)/1?
4
What is the tens digit of (-4)/(-38) + (-5760)/(-152)?
3
Let c(s) be the first derivative of s**2/2 + 3*s + 5. Let z be 3/4*(-8)/(-2). What is the units digit of c(z)?
6
Let z(l) = -l + 11. Let p be z(9). Suppose -p*v + 6 = -2. What is the units digit of 0 + (-2)/(v/(-10))?
5
Suppose 120 = 5*a - 670. What is the hundreds digit of a?
1
Let b = -76 + 139. What is the tens digit of b?
6
Let r(c) = c**3 + 7*c**2 + 5*c - 5. What is the tens digit of r(-5)?
2
Let v = -8 + 23. What is the units digit of v?
5
Suppose -2*t + 3*f + 12 = 0, -t + 3*f = 3*t - 24. What is the tens digit of ((-32)/t)/(5/(-15))?
1
Suppose 5*i - 4*q = 224, -2*i + 10 = 3*q - 98. What is the units digit of i?
8
Suppose 5*l - 119 = h, 3*l - 5*h - 67 = -0*h. What is the units digit of l?
4
Let y(o) = o**3 - 5*o**2 - 5*o - 3. Let b be y(6). Let s(r) = b - 2 + r + 2 + 1. What is the units digit of s(8)?
2
Let l(d) = -d**2 - 7*d - 3. Let j be l(-6). Suppose -j*g - 1 = k + 3, 2*g = 3*k - 32. What is the units digit of k?
8
What is the units digit of -1*6/4*-6?
9
Let w be ((-40)/4)/(1 - 3). Let t = -11 + 